
44
What is the remainder when 1131613 is divided by 20?
13
What is the remainder when 1451803 is divided by 23416?
11
What is the remainder when 1108003 is divided by 943?
921
What is the remainder when 244669 is divided by 68?
5
What is the remainder when 5844268 is divided by 13948?
56
What is the remainder when 2262183 is divided by 199?
150
Calculate the remainder when 29781 is divided by 2164.
1649
Calculate the remainder when 1430456 is divided by 35759.
96
Calculate the remainder when 2567504 is divided by 52398.
2
What is the remainder when 3761614 is divided by 1253829?
127
What is the remainder when 221213 is divided by 2418?
1175
What is the remainder when 1744188 is divided by 9?
6
What is the remainder when 2526358 is divided by 1852?
230
Calculate the remainder when 75666184 is divided by 120296.
0
What is the remainder when 122639 is divided by 1704?
1655
What is the remainder when 403824 is divided by 10348?
252
Calculate the remainder when 2158852 is divided by 269856.
4
Calculate the remainder when 193888 is divided by 923.
58
What is the remainder when 62913 is divided by 30542?
1829
Calculate the remainder when 2144690 is divided by 908.
902
Calculate the remainder when 161347 is divided by 1169.
25
What is the remainder when 1972347 is divided by 243?
159
Calculate the remainder when 328635 is divided by 157956.
12723
What is the remainder when 1897839 is divided by 112?
111
Calculate the remainder when 428429959 is divided by 2531.
2527
What is the remainder when 15993 is divided by 1937?
497
Calculate the remainder when 271112 is divided by 361.
1
What is the remainder when 748587770 is divided by 407?
403
What is the remainder when 29977033 is divided by 869?
9
What is the remainder when 43504052 is divided by 9069?
59
What is the remainder when 913105 is divided by 1256?
1249
Calculate the remainder when 12137766 is divided by 346.
86
Calculate the remainder when 320386 is divided by 2173.
955
What is the remainder when 27969335 is divided by 25?
10
Calculate the remainder when 842444 is divided by 120347.
15
What is the remainder when 807314 is divided by 3214?
600
Calculate the remainder when 370320 is divided by 21385.
6775
What is the remainder when 1024521 is divided by 3698?
175
What is the remainder when 9975136 is divided by 75001?
3
Calculate the remainder when 901524 is divided by 306.
48
What is the remainder when 58893 is divided by 191?
65
Calculate the remainder when 20163714 is divided by 806548.
14
What is the remainder when 173259 is divided by 84336?
4587
Calculate the remainder when 1278776 is divided by 1278733.
43
What is the remainder when 32025 is divided by 15968?
89
Calculate the remainder when 2684 is divided by 426.
128
What is the remainder when 1802316 is divided by 190?
166
What is the remainder when 4328638 is divided by 242?
226
What is the remainder when 7512749 is divided by 389?
381
What is the remainder when 84073998 is divided by 200?
198
What is the remainder when 76989618 is divided by 44?
2
What is the remainder when 1539244 is divided by 67?
53
Calculate the remainder when 10190019 is divided by 155.
9
Calculate the remainder when 37170238 is divided by 992.
990
What is the remainder when 1499889 is divided by 18517?
12
Calculate the remainder when 2384955 is divided by 298109.
83
Calculate the remainder when 90176 is divided by 2576.
16
Calculate the remainder when 345567 is divided by 69111.
12
Calculate the remainder when 768369 is divided by 11468.
13
What is the remainder when 58512289 is divided by 81?
76
What is the remainder when 9963325 is divided by 61884?
1
Calculate the remainder when 143180 is divided by 5113.
16
Calculate the remainder when 280455 is divided by 3734.
405
What is the remainder when 576517682 is divided by 1634?
1632
Calculate the remainder when 5400194 is divided by 771453.
23
Calculate the remainder when 6765735 is divided by 282.
273
What is the remainder when 1494 is divided by 1075?
419
Calculate the remainder when 774525 is divided by 30980.
25
Calculate the remainder when 251999193 is divided by 3.
0
Calculate the remainder when 4086868 is divided by 148.
144
What is the remainder when 40535 is divided by 719?
271
Calculate the remainder when 185651 is divided by 7374.
1301
Calculate the remainder when 22839891 is divided by 993.
891
What is the remainder when 1622299 is divided by 326?
123
What is the remainder when 66120 is divided by 21706?
1002
What is the remainder when 3467153 is divided by 173357?
13
Calculate the remainder when 430193889 is divided by 74.
69
Calculate the remainder when 23056446 is divided by 3.
0
What is the remainder when 1413010 is divided by 487?
223
Calculate the remainder when 26765990 is divided by 69.
62
What is the remainder when 311005 is divided by 3837?
208
Calculate the remainder when 391121 is divided by 35542.
159
Calculate the remainder when 541598 is divided by 5887.
5881
Calculate the remainder when 714245 is divided by 713781.
464
What is the remainder when 2772662407 is divided by 7?
4
What is the remainder when 174639 is divided by 3801?
3594
What is the remainder when 7462753 is divided by 1048?
993
Calculate the remainder when 5326017 is divided by 511.
375
What is the remainder when 1516991 is divided by 303396?
11
What is the remainder when 35202337 is divided by 233?
231
Calculate the remainder when 619163 is divided by 3459.
2
What is the remainder when 178906 is divided by 3474?
1732
Calculate the remainder when 2397862 is divided by 1494.
1486
What is the remainder when 3759754 is divided by 13?
11
Calculate the remainder when 75402321 is divided by 313.
308
Calculate the remainder when 3831892 is divided by 1915941.
10
Calculate the remainder when 124234 is divided by 41373.
115
Calculate the remainder when 1152059 is divided by 4448.
27
What is the remainder when 17292794 is divided by 1977?
1952
What is the remainder when 66938334 is divided by 35?
29
What is the remainder when 376685606 is divided by 14?
10
What is the remainder when 159915 is divided by 1312?
1163
What is the remainder when 273212131 is divided by 4199?
4196
Calculate the remainder when 367593 is divided by 169.
18
Calculate the remainder when 9215844 is divided by 9215832.
12
Calculate the remainder when 155738 is divided by 25069.
5324
What is the remainder when 9684334 is divided by 2421042?
166
Calculate the remainder when 8222433 is divided by 1676.
1653
What is the remainder when 47029189 is divided by 89?
76
What is the remainder when 55821 is divided by 612?
129
Calculate the remainder when 394985 is divided by 17173.
6
Calculate the remainder when 581045 is divided by 58095.
95
What is the remainder when 13022987 is divided by 22?
21
What is the remainder when 4364026 is divided by 2181988?
50
What is the remainder when 45352298 is divided by 20?
18
Calculate the remainder when 1260507 is divided by 26.
1
Calculate the remainder when 96559920 is divided by 1399419.
9
Calculate the remainder when 23991166 is divided by 1142435.
31
Calculate the remainder when 25207 is divided by 1247.
267
What is the remainder when 7262632 is divided by 6?
4
What is the remainder when 29743139 is divided by 90?
29
Calculate the remainder when 5499608 is divided by 458300.
8
What is the remainder when 307622 is divided by 5713?
4833
What is the remainder when 157155750 is divided by 77?
59
What is the remainder when 15797607 is divided by 175?
7
Calculate the remainder when 69125 is divided by 151.
118
What is the remainder when 25440869 is divided by 2778?
2723
Calculate the remainder when 4039926 is divided by 372.
6
Calculate the remainder when 8963340 is divided by 1062.
60
Calculate the remainder when 354321 is divided by 130.
71
What is the remainder when 2822825 is divided by 2822820?
5
Calculate the remainder when 541301 is divided by 175.
26
What is the remainder when 13442933 is divided by 282?
275
Calculate the remainder when 6419885 is divided by 8414.
3
What is the remainder when 498278 is divided by 194?
86
What is the remainder when 295667 is divided by 601?
576
What is the remainder when 1239212 is divided by 309700?
412
What is the remainder when 225407 is divided by 75130?
17
Calculate the remainder when 